-1) + -4 - 9?
4
(-5 - (5 - 4) - ((13 - 47) + 24)) + 109
113
What is the value of (58 + -71 - -20) + (-3 - 18)?
-14
Evaluate (31 + 0 - (1055 - 1056)) + 3 + 1.
36
What is the value of (1 - -36) + (-189 + -6 - -154)?
-4
What is the value of -11 + (6 - 10) - (-115 - -129)?
-29
Calculate 17 - (16 - (-24 - -31 - 18)).
-10
Calculate -8 - -34 - (12 - 3) - (4 - 2).
15
What is the value of -9 - (23 + (-23 - 10) - -13)?
-12
What is -19 - (-23 + 10 - (25 + -43) - (1 - -7))?
-16
What is -32 + 21 + 32 - 24 - -70?
67
Evaluate 22 + -1 + -22 - ((-2 - -16) + -2).
-13
What is the value of -57 + (-45 + 46 - -41)?
-15
Evaluate 7 + (-3 - ((-25 - -5) + 10) - 8) + 4.
10
Calculate (3 + 3 + -6 - (16 - -2)) + (-49 - -39).
-28
What is -15 + -56 + -48 + 66?
-53
Evaluate 86 - (-58 + 5 - -83).
56
What is the value of 21 - ((-15 - 1 - -15) + -4)?
26
What is -179 + 251 - (129 + 3)?
-60
Evaluate -1 + -3 - (-201 + 205) - 26.
-34
4 + 7 - (27 - (0 - 21 - (152 + -166)))
-23
Evaluate -12 + (-47 - 0) - ((6 - 6) + 3 - 6).
-56
What is the value of 49 + (-16 - -19) + -56 + 47?
43
4 - (10 - -5) - (-17 + (-3 - 17))
26
What is 1 + 9 - (10 + (40 - 38)) - (1 + -9)?
6
Calculate (6 - 35) + -5 - (-62 + 70).
-42
-7 + 0 + -1 + 73 + -70 + -9 + -4
-18
(-43 - 26) + (184 - 46)
69
Calculate -7 + (10 - 0) + -55 + 13 + -17.
-56
Evaluate 10 + (30 + 11 + -24 - 28).
-1
What is 84 + -18 + (-113 - -34) + 51?
38
Calculate 18 + (138 - 154 - (-37 + -2)).
41
Evaluate -77 - ((-16 - 23) + -79).
41
What is the value of -420 + 398 + (-1 - -10) + 36?
23
Calculate -94 + 90 + -23 + -59.
-86
What is 15 - (-1 + 3) - (62 + -64 + 1)?
14
Calculate -4 - ((-4 - -1) + -3 - (-381 - -375)).
-4
Calculate 19 + (2 - 23) + (-74 - -75).
-1
What is the value of -40 - -74 - (2 + 16) - (-7 - -1)?
22
5 - (-9 + (-9 - -38)) - 89
-104
Calculate 67 + (42 - ((-37 - -73) + -38)).
111
Evaluate 10 + -86 + (-7 - (8 - 0) - -7).
-84
-58 + (-26 + 11 - -46)
-27
(1 + 26 - 52) + 8
-17
What is the value of -85 - (-2 - (3 + 9 + -17 + -9))?
-97
Evaluate -174 + -161 + 349 + 15 + 0.
29
Evaluate 9 - (-16 + 18) - ((13 - -6) + 0 + 0).
-12
Calculate -1 + -1 + -9 - (-11 + -22 - -31) - -7.
-2
2 - (1 - 6) - (-70 + (-34 - -27) + 48)
36
Evaluate -61686 + 61627 + (0 - 2) + (12 - 0).
-49
What is 0 + 1 + 32 + (-173 - (190 + -367))?
37
Evaluate 16 + -4 + 76 + 5 + -14 + -17.
62
Evaluate (4 + -2 - 4 - 0) + 102 + -68 + -22.
10
What is the value of 3 - ((2 + 0 - 30) + -110 + 111)?
30
Evaluate 1 + -12 - 58 - (-25 + 32 + 0).
-76
What is 387 + -310 + ((-4 - -4) + 4 - (8 + 4))?
69
What is -138 - (130 + -25 + -329)?
86
Calculate 18 - 99 - (-3 + 1 + 138 + -143).
-74
Evaluate (60 - -7) + -40 + -7.
20
What is the value of 0 + (-4 + (1 - -12 - 3) - 6)?
0
What is the value of -4 - (-172 - (-200 + 81))?
49
What is the value of -24 + 27 + 7 + -20?
-10
What is -72 + 107 - (4 + -12 + -5) - -7?
55
Evaluate (-65 - -28) + 13 + (6 + -12 - 7).
-37
Evaluate 1560 - 1529 - (17 - 0).
14
What is 0 + -122 + -50 + 124?
-48
Calculate (1 - 1 - -16) + (175 - 110) + -129.
-48
What is the value of -42 + -19 + 22 + -5 + -4?
-48
What is the value of 52 + -72 + 24 - 27?
-23
(13 - (9 - (-31 - 0)) - 3) + -12
-42
Calculate 11 - (1 - 5) - (379 + -366 - (0 + 0)).
2
What is the value of (8 - 41) + 74 + -58?
-17
What is the value of -12 + -20 + -152 + 113?
-71
2 + -5 - 60 - (-2562 - -2580)
-81
What is the value of (60 - (-28 + 20 - -22)) + 17 + -4?
59
Evaluate 21 - (27 + (-22 - -16)) - (-4 + 18 + 2).
-16
What is the value of 14 - -26 - -7 - 3?
44
What is 72 + (-1 - 0) + (48523 - 48558)?
36
Calculate (38 - 57 - 32) + 0.
-51
-20 + (-1 - (33 - (-32 + 16)))
-70
-6 - ((-116 - -114) + (0 - 7) + 5)
-2
25 + (-3 - 2) + (-35 - (-23 + -6))
14
Evaluate 65 + (-102 - -29 - 47).
-55
What is the value of -12 - (-10 - (2 + -16 - -2)) - 23?
-37
What is the value of 49 - (16 - (34 - 7) - -7)?
53
Calculate -63 + 63 + (0 - (0 + -7)).
7
What is 57 + -25 - (96 + -41)?
-23
Calculate (-7 - (0 + -8) - (20 - 9)) + 46.
36
Evaluate -2 + 35 + (0 + -1 + -6 - (-27 - -22)).
31
What is -9 + (-20 - -16 - (-6 + (23 - -6) + 0))?
-36
Calculate -3 + -1 - (1 - 5) - (52 + -81 + 98).
-69
1983 + -2003 + (-1 + 25 - -4)
8
What is the value of -11 - (0 - 2) - (-94 + (94 - 41))?
32
Calculate 56 + -10 + -12 + -3 + 5 + 10.
46
What is 37 - (-46 - -29 - -77)?
-23
-2 + -1 + 0 + 12 + -174 + 310 + -184
-39
What is 34 + (2 + -4 + 16 - (-23 - -27))?
44
Calculate -1 + -6 - (-10 - 2 - -23) - 51.
-69
Calculate 27 + (-11 + (31 - 10) - (-5 - (-1 + -6))).
35
What is the value of (115 - 86 - -47) + -75?
1
What is (-78 - 4 - -80) + (-4 - -38)?
32
What is 296 - 305 - (2 - 4) - (-21 + 3 + -1)?
12
What is 4 - ((-2 - -5) + (-14 - (-4 + -1))) - 0?
10
Evaluate 14 - ((24 - 48) + 13).
25
(18 - (52 + -44)) + 8
18
Evaluate (-2 - -15) + (7 - (8 + -5 - -29)).
-12
Evaluate (-7 - (-52 - -60)) + 23.
8
11 - -16 - (65 + -58)
20
-32 + (-107 - -213) + 13 + 0
87
What is the value of -13 + 30 + (7 - -1 - 6) + -3 + -5?
11
What is -1 + -81 + 1729 + -1678?
-31
Calculate 1711 + -1699 - (57 + (-6 - -2)).
-41
What is (4 - (-13 + -18 + 1)) + 15?
49
What is the value of 15 - -36 - 54 - (-4 + -61)?
62
-51 + 1 + (-3668 - -3679)
-39
Evaluate 112 + (-14 - (24 - 6) - -14).
94
Evaluate (437 - 309) + (-1 - 52).
75
What is the value of 28 - (82 + 62 + -64)?
-52
What is the value of -178 + -11 - (-99 - -55) - -31?
-114
What is 63 - (-55 - (4 + -225))?
-103
What is the value of -2 + -11 - (91 - 97)?
-7
What is the value of 69 + -29 + (-15 - -14)?
39
(-5 + 62 - 82) + 16
-9
What is 48568 + -48544 - (0 - (4 + (-2 - 0)) - -5)?
21
What is the value of 11 + -5 - 85 - (-1 + 5 + (214 - 203))?
-94
What is the value of -20 + 0 + -3672 + 3687?
-5
Calculate -4 + (-8 - (4 - (-2 + 10))) - 2.
-10
What is the value of -128 - -123 - (-6 - 1)?
2
Calculate -9 + (189 - 37 - 73).
70
(-321 - -204 - -74) + (2 + -1 - (0 + -7))
-35
Evaluate 28 - (14 - (2 - 11 - 5)).
0
What is 64 - (-21 - -69) - (-87 - -4) - 3?
96
What is (0 - (5 - 14)) + (98 - 104) + (0 - -125)?
128
Calculate 13 + -33 + (13 - (-14 - -6)) + 0 + -12.
-11
What is -15 - (-8 + 3 + (-2 - -4) - (-579 - -665))?
74
Evaluate (-23 - -2 - (-15 - 12)) + -7 - (0 - -30).
-31
What is the value of (-30 + (1 - -18) + -4 - 15) + 7?
-23
What is (38 - (-141 + 172)) + (0 - (1 + -41)) + 0?
47
Evaluate (-37 - 7) + 0 + -6 - (5 - 10).
-45
What is the value of 33 + 2 + (-1467 - -1524)?
92
Evaluate -10 + (0 + -26 - (-444 + 350)).
58
Calculate (-8 - 1) + 1 + (180 - 273) + 98.
-3
7 + 3 + (-32 - (-17 + 26))
-31
What is (-3 - 59) + 54 + -5?
-13
Evaluate -40 + 35 + -2 + 11 - (65 + 52).
-113
What is the value of -43 + 95 + 45 + -189?
-92
What is the value of -7 + (-2 - -17) + 3 - (51 + 0 - -3)?
-43
(44 + -43 + -50 - -86) + (6 - 0) + 0
43
What is 8 + (-18 - (-48 + 20))?
18
Evaluate -103 - (-127 + 43) - (-1 - 35).
17
Calculate 10 + 36 + -7 + -107.
-68
Calculate -9 - (50 + (24 - (-15 - -19))).
-79
Evaluate 78 + 2 + (2 - 15 - -6 - -5) + 7.
85
What is 39 - (7 + 10 + -11)?
33
Calculate 483 + -509 + (7 + 7 - -2).
-10
What is the value of -65 + 24 + -47 - -67?
-21
What is 11 - (-15 - 2) - (17 - 19)?
30
What is (14 - (7 + -3)) + 16 + 8 + -29?
5
Calculate -107 + 169 + -112 - 13.
-63
-12 + 9 + 3 + -3 + (4 - 1)
0
-397 + 409 + 8 + 4
24
What is the value of -581 - -530 - (2 - 32)?
-21
-540 - -532 - (-7 - (3 + -2))
0
Calculate 2 + -13 - 2 - (10 + 27 + -51 + 92).
-91
-56 + (1 - 25 - -58)
-22
What is (-134 - -105 - (-63 - -10)) + 28?
52
What is the value of 0 - -17 - (59 + -24 + (0 - -40))?
-58
(5 - 9) + 7 + (-40 - -107 - (-2 - 10))
82
Calculate 21 - (78 + -19 + 15 + -7 - -25).
-71
Calculate 9 - (5 + -193 + 75).
122
What is 24 + (35 - 39) + -8 + -34?
-22
What is the value of 11 + (-5 - 1) + -15 - 20?
-30
What is the value of (-16 - (13 - -25)) + 74?
20
What is the value of -58 + 2 + 99 + 6?
49
What is -1 - 16 - (-66 + 55) - 76 - (-10 + 1)?
-73
Calculate (-61 - -8 - (27 - (27 + -2))) + -9.
-64
What is the value of (61 - 59) + 130 + 1 + -22?
111
What is 22 + (-5 + 13 - (11 + -12)) + -5?
26
550 - 539 - (42 + -2 + -3 + 7)
-33
Calculate 93 + -160 - -76 - (0 + -22 + -2).
33
Evaluate 198 + -249 + (-30 - -7) + 10.
-64
Calculate 3 + 22 + -58 + 24 - (6 + 101).
-116
What is (-7 - -17 - 18 - (7 + -14)) + 5?
4
Evaluate -52 - (-87 + (29 - -9)).
-3
Evaluate (30 - -47) + 61 + -117.
21
What is the value of -14 + 25 - 10 - (-60 + -6 +